1074597851 a prime number?
False
Is 19148192269 a composite number?
True
Is 17680380469 prime?
False
Is 2418309779 composite?
True
Is 163006303 a composite number?
True
Is 1140003324061 a composite number?
True
Is 133334543 prime?
True
Is 44422321927 prime?
True
Is 2535516847 prime?
True
Is 35266091 a composite number?
True
Is 12142925191 composite?
False
Is 2616266509 a prime number?
True
Is 379492577 a prime number?
True
Is 9551020931 a composite number?
False
Is 714050063 a prime number?
False
Is 936247973 a composite number?
False
Is 4060909451 a composite number?
False
Is 825140567 prime?
False
Is 496124929 a prime number?
True
Is 10089555823 prime?
False
Is 49964293 composite?
False
Is 31868371133 prime?
True
Is 1202912549 composite?
True
Is 2299381811 a composite number?
False
Is 20861189659 a prime number?
True
Is 2273393251 composite?
True
Is 33439295551 composite?
False
Is 24555982967 prime?
False
Is 8350305833 prime?
False
Is 4064077223 prime?
False
Is 350197643 prime?
True
Is 719150743 a prime number?
True
Is 9185497 a composite number?
False
Is 1593282261 composite?
True
Is 14908993367 composite?
True
Is 304814701 a composite number?
True
Is 3737912989 a prime number?
True
Is 3470401589 prime?
False
Is 32937250649 a prime number?
False
Is 25962926173 composite?
False
Is 751008967 a composite number?
True
Is 2179989829 a prime number?
True
Is 3522990829 a prime number?
False
Is 84097753 prime?
True
Is 60162827 a composite number?
False
Is 6817508851 a composite number?
False
Is 1029882571 composite?
False
Is 3117753337 prime?
True
Is 4584166534 composite?
True
Is 365027539265 prime?
False
Is 67488975941 prime?
False
Is 9091837661 a prime number?
True
Is 19770402991 a prime number?
False
Is 37776247559 prime?
True
Is 1389641938 composite?
True
Is 15324576437 prime?
False
Is 923993771 a composite number?
False
Is 10114537859 a composite number?
False
Is 2855404679 prime?
False
Is 3950121653 composite?
False
Is 3063816929 prime?
False
Is 1921648101 a prime number?
False
Is 1265115287 a prime number?
True
Is 65081581 a composite number?
True
Is 53561287049 composite?
True
Is 8053481 composite?
True
Is 22767453143 a prime number?
False
Is 4863023423 a prime number?
False
Is 9014099267 a prime number?
False
Is 22455069179 a composite number?
True
Is 1630880893 composite?
True
Is 1131748913 a prime number?
True
Is 1189701571 prime?
True
Is 1516527763 a prime number?
True
Is 1832367673 a prime number?
True
Is 1908108569 a prime number?
True
Is 386721053 a prime number?
True
Is 951473597 a prime number?
False
Is 1186202929 a prime number?
True
Is 2039404391 composite?
True
Is 3501450551 composite?
True
Is 16356932917 prime?
False
Is 6236218981 a prime number?
True
Is 331024861 composite?
False
Is 12529293083 composite?
False
Is 1561759391 a prime number?
True
Is 2061877927 a prime number?
False
Is 1620540071 a prime number?
False
Is 992193277 composite?
False
Is 1938202261 a composite number?
True
Is 1484903527 a composite number?
False
Is 304994429 prime?
True
Is 7791829169 a prime number?
False
Is 59089914505 a prime number?
False
Is 57283229 composite?
True
Is 34469003399 composite?
False
Is 570086749 prime?
True
Is 7156460911 composite?
True
Is 175287031 prime?
False
Is 897633491 a composite number?
True
Is 7541657911 prime?
True
Is 303715597 composite?
False
Is 5031516509 a prime number?
True
Is 182775824423 composite?
False
Is 1012275431 composite?
True
Is 36763375591 a composite number?
True
Is 3785570807 a composite number?
False
Is 152415071 a prime number?
True
Is 4178131997 prime?
False
Is 11549810743 composite?
False
Is 317501707 composite?
True
Is 79250341 composite?
True
Is 184269597 prime?
False
Is 13720194907 composite?
False
Is 3734041939 composite?
True
Is 112647651257 composite?
False
Is 15546894815 prime?
False
Is 35671700387 composite?
False
Is 12248412221 prime?
True
Is 37624327891 composite?
True
Is 31797252937 composite?
False
Is 4483779218 a composite number?
True
Is 1528234571 a composite number?
True
Is 41729613181 prime?
True
Is 451407667 composite?
True
Is 36151560181 prime?
False
Is 2948460647 composite?
True
Is 23001807541 composite?
False
Is 12596929273 prime?
False
Is 154709771 composite?
False
Is 1303095953 prime?
False
Is 18021699193 a prime number?
False
Is 1875049811 a prime number?
False
Is 1579908665 composite?
True
Is 2762559857 composite?
True
Is 1352453503 prime?
True
Is 13046644537 a composite number?
False
Is 5269610179 composite?
True
Is 13645175953 a composite number?
True
Is 2671246601 composite?
True
Is 772856549 composite?
False
Is 1322227499 composite?
True
Is 56128385377 a composite number?
True
Is 47151023057 a composite number?
False
Is 3029386747 a prime number?
True
Is 5028426367 composite?
False
Is 580243501 a prime number?
True
Is 2912932489 prime?
False
Is 79752543859 a composite number?
False
Is 31465212151 a prime number?
False
Is 16359845669 a composite number?
True
Is 788656321 a prime number?
True
Is 361741161 a prime number?
False
Is 15145173339 a prime number?
False
Is 17995753753 a prime number?
True
Is 41829290017 a composite number?
False
Is 1031028457 prime?
True
Is 176101307619 a composite number?
True
Is 736758469 a prime number?
False
Is 24187727233 a prime number?
False
Is 3483574051 a prime number?
True
Is 18965774963 composite?
True
Is 21822120347 a composite number?
False
Is 218079969 prime?
False
Is 17441054627 composite?
True
Is 3895535147 composite?
True
Is 3554471387 prime?
False
Is 9093794747 a prime number?
True
Is 5027102459 a composite number?
True
Is 5879367491 a prime number?
True
Is 33514552807 prime?
True
Is 192401680789 composite?
False
Is 31773915571 composite?
True
Is 12703994902 a prime number?
False
Is 1954160657 prime?
False
Is 3757119923 a prime number?
True
Is 5786400937 a composite number?
True
Is 283481147 a composite number?
False
Is 32206621343 prime?
False
Is 160702291 composite?
False
Is 1128859271 prime?
False
Is 9534028771 composite?
True
Is 14676697677 prime?
False
Is 16428818761 a prime number?
False
Is 8777138397 a composite number?
True
Is 19243303099 prime?
False
Is 34588962173 prime?
True
Is 224354003 a composite number?
True
Is 450171539 a composite number?
False
Is 575550427 prime?
True
Is 19252246723 a composite number?
False
Is 3552068441 a prime number?
True
Is 547772035 composite?
True
Is 11388151655 composite?
True
Is 25723571 a composite number?
True
Is 42277531 composite?
True
Is 2413660045 a prime number?
False
Is 8214096521 a composite number?
True
Is 32422747363 a prime number?
False
Is 68453364667 composite?
False
Is 926194793 prime?
True
Is 4031756219 a prime number?
False
Is 85764509713 composite?
True
Is 10312111429 a prime number?
True
Is 5066179177 prime?
True
Is 74862239 prime?
False
Is 1003023499 a prime number?
True
Is 806664847 prime?
True
Is 2801632279 prime?
False
Is 381097897 composite?
False
Is 91207811011 a prime number?
True
Is 3230569529 a composite number?
True
Is 707212283 a composite number?
True
Is 14281219023 prime?
False
Is 4329922849 composite?
True
Is 102853279 a composite number?
False
Is 2285699109 a composite number?
True
Is 9011874973 prime?
False
Is 14383221371 composite?
True
Is 16067763221 prime?
False
Is 1903366807 a prime number?
False
Is 66372919 a composite number?
True
Is 711963737 a composite number?
True
Is 646695383 a prime number?
True
Is 8652260443 composite?
False
Is 13187326073 composite?
True
Is 248006701 composite?
True
Is 83126003 a composite number?
False
Is 43287141133 composite?
True
Is 10084369227 composite?
True
Is 393528241 a prime number?
True
Is 7395209893 prime?
False
Is 728417993 prime?
True
Is 109578205293 a prime number?
False
Is 1620064255 a composite number?
True
Is 161233637 a composite number?
True
Is 703137817 a composite number?
False
Is 3303413263 a prime number?
True
Is 20389162043 a prime number?
False
Is 3802988657 a composite number?
True
Is 1004466677 composite?
False
Is 604897123 prime?
True
Is 1156204069 prime?
True
Is 839011729 a composite number?
False
Is 6391920233 composite?
False
Is 1832168161 prime?
True
Is 8854849099 composite?
True
Is 9118378501 prime?
True
Is 2927661383 prime?
True
Is 2712967409 a composite number?
False
Is 5445216677 